se -260036 = -20*i - 15*i + 7*i. What is the greatest common factor of i and 37?
37
Suppose 0*g - g = -2, 0 = 4*i + 4*g + 40. Let v be (-82 - i)*((-9)/6 + 1). What is the highest common factor of v and 49?
7
Let f(q) = 3*q**2 - 19*q - 35. Suppose -4*s - 4*v = -64, 0 = -3*s - 2*s - 2*v + 71. Let z be f(s). Calculate the highest common factor of z and 135.
45
Suppose 5*m + 180 = m - 4*x, 233 = -5*m - 3*x. Let o be 14/m - (-256)/14. Suppose 3087 = 19*w + 3030. Calculate the greatest common factor of w and o.
3
Let t(i) = -2*i**3 + 21*i**2 + 15*i - 4. Let w be t(10). Suppose 0 = 12*q - 1098 - w. What is the highest common factor of q and 7?
7
Suppose -5*g + 0*x = -5*x - 1915, 5*g - x = 1919. Calculate the greatest common factor of 84 and g.
12
Let d be 124/30 + (-24)/180. Suppose 21 = 3*k + d*q - 152, -4*q - 205 = -3*k. Let w = -18 - -27. What is the highest common divisor of k and w?
9
Let h = -35391 + 36984. Calculate the greatest common factor of h and 297.
27
Let u = -738 + 1401. Suppose -d - u = -52*d. What is the highest common factor of d and 247?
13
Suppose 5*g + 5*c = 70, 5*g - 17 = -3*c + 47. Suppose -5*n + 3*n = 4. Let q = n - -3. What is the highest common factor of g and q?
1
Let b = 24 - 10. Let c = -184 + 133. Let w = -49 - c. Calculate the highest common factor of w and b.
2
Let z = -39 + 23. Let l be 4344/z*(-4)/3. Let u be (-6)/(-105)*5 - l/(-7). Calculate the greatest common divisor of 26 and u.
26
Let s be ((-20)/(-12))/(((-440)/96)/(-11)). Let a(w) = 44*w + 15*w + 3 + 3. Let t be a(s). Calculate the greatest common divisor of t and 22.
22
Let s(j) = -j**3 - 102*j**2 + 533*j + 701. Let g be s(-107). What is the highest common factor of 5673 and g?
183
Suppose -121 = -9*f + 374. Let g = 59 - f. Let p be (-1)/(-3) + g/((-12)/(-29)). Calculate the greatest common divisor of 50 and p.
10
Suppose -y + 5*a = -7224, 62*y + 29016 = 66*y - 5*a. What is the greatest common divisor of 448 and y?
32
Suppose 20*b - 431 = -1431. Let q be (b/(-125))/((-2)/(-230) + 0). Calculate the greatest common factor of q and 299.
23
Let n = -13496 + 13524. What is the highest common factor of n and 7714?
14
Suppose -2*p + 30 + 17 = 5*d, 0 = -4*d + 20. Let g = -2 + p. Suppose 0 = -g*s + 4*s + 45. What is the greatest common divisor of s and 72?
9
Let d(l) be the second derivative of l**4/6 - 2*l**3/3 + 7*l. Let s be d(-6). Let t = 293 + -281. What is the greatest common divisor of t and s?
12
Suppose -21*v = 3*a - 309, 4*a - 472 = 15*v - 13*v. What is the highest common divisor of 225 and a?
9
Let f = 264 - 256. Suppose 5*p = 2*p + 384. Calculate the greatest common divisor of f and p.
8
Suppose -7*q + 8*q = -273. Let z = q - -149. Let w = z + 214. Calculate the highest common divisor of 10 and w.
10
Let m = 134 + -71. Suppose 244 = -5*i - q + 674, -q = -3*i + 250. Suppose -3*p + 6*h + 101 = h, -3*p + h = -i. Calculate the highest common divisor of p and m.
9
Let s(d) = -1257*d + 9207. Let c be s(7). Calculate the greatest common factor of 3944 and c.
136
Let c = -48231 - -48236. Let r(s) = -s**2 - 7*s - 5. Let q be r(-5). Suppose h - 35 = -q*j, -2*j - 6 = j. Calculate the greatest common factor of h and c.
5
Let x be (11/(-12))/((-50)/500) - (-1)/(-6). What is the greatest common factor of 4446 and x?
9
Let m = -326 - -339. Suppose 551 = m*b - 34. Calculate the greatest common divisor of b and 60.
15
Suppose 0*m + 5*k = m - 16, -m - 4*k + 16 = 0. Let x = m - 12. Suppose d - 74 = -x*s, -6 = -s - 3*d + 18. What is the highest common divisor of s and 54?
18
Let i(z) = -2*z. Let p be i(-2). Suppose -4*j + 8 = -16. Suppose 0 = 4*t - 70 + j. Calculate the greatest common divisor of p and t.
4
Suppose -2*v - 4*b + 4024 = 0, 11*v - 6038 = 8*v - 4*b. Calculate the greatest common divisor of 106 and v.
106
Let d = -7 + 29. Suppose 19 = 18*b + 55. Let x be (b + 3/3)*-11. What is the greatest common factor of d and x?
11
Suppose 28*t - 20 - 1268 = -0*t. What is the greatest common divisor of 437 and t?
23
Let m(p) be the first derivative of -p**3 + 51*p**2/2 - 35*p - 11. Let j be m(14). Calculate the highest common factor of 26 and j.
13
Suppose -4*l + 559 = 5*a + 94, 0 = 5*l - a - 545. What is the greatest common divisor of l and 88?
22
Let a = 20 + 16. Let q = 1275 + -1266. Calculate the greatest common divisor of q and a.
9
Suppose 65*j - 10961 = -4055 + 29624. What is the highest common factor of j and 8?
2
Let s = -8 + 3. Let c(r) = -r**3 + r**2 - 6*r + 5. Let l be c(s). Let g be (-35)/140*(-140 - 8). Calculate the highest common factor of g and l.
37
Suppose 0 = -38049*r + 38023*r + 5044. What is the highest common divisor of 1552 and r?
194
Suppose 0 = 29*s + 1133 + 462. Let r be (2 - 3) + (2 - 1). Let c be s/(r - 5)*5. What is the greatest common factor of 11 and c?
11
Suppose 0 = 24*g - 1063 + 343. What is the greatest common divisor of 400 and g?
10
Let j be -140*39/84*-7. Let q be 63 + 2 + (1 - 1). Calculate the greatest common factor of q and j.
65
Let v be 150/12*272/10. Suppose 10*s - 6*s = v. Calculate the greatest common factor of s and 5.
5
Let k be ((-80)/(-110))/(6/33). Let z(c) = 2*c**2 - 12*c + 36. Let i be z(k). Calculate the highest common factor of i and 15.
5
Let t(u) = 354*u - 3823. Let w be t(16). What is the highest common factor of w and 2893?
263
Suppose 0 = 8*c - 343 - 257. Let h be (-90)/(-50)*c/3. Calculate the greatest common factor of h and 5.
5
Let g(a) = 7*a - 23. Let d be g(3). Let h be d*(15/10)/(-1). Suppose 2*l - 3*s - 33 = 0, -2*l - l = -s - 60. What is the greatest common factor of h and l?
3
Let h(g) = g**3 - 5*g + 1. Let p be h(2). Let a be (p - 5/(15/(-6)))/1. Suppose -5*l - 3*m = -688, -m - a = 3. What is the greatest common divisor of 35 and l?
35
Suppose 3*u = 10*p - 13*p + 165, 401 = 5*p - 9*u. What is the greatest common factor of p and 74?
2
Let p(f) = -5*f**3 - f**2 - 24*f - 487. Let h be p(-9). Calculate the greatest common factor of h and 89.
89
Let y be (0 - 8)/(3 - 5). Let u be 19/2 + 2/y. Let b(n) = -n**2 - 15*n + 724. Let x be b(-33). Calculate the greatest common divisor of x and u.
10
Let o(b) = 36*b + 1325. Let i be o(54). Calculate the greatest common factor of i and 21.
7
Let y(h) = 9*h + 100. Suppose -11 = 7*w - 3*w - s, 5*w = 4*s. Let r be y(w). Calculate the greatest common divisor of r and 112.
16
Let g = -3889 + 3908. Let q be 780 + (0 - (-4)/(-3 + -1)). Calculate the greatest common factor of q and g.
19
Let n = 210 - 140. Suppose 10*q - 125 = 15. Calculate the highest common factor of q and n.
14
Suppose 9*n - 11*n = 106. Let h = 67 + n. Let j be 94/h + 3 - 2/(-7). Calculate the greatest common factor of 4 and j.
2
Suppose -s - 7 = -1. Let f be (-1 + (-7)/s)*-2*-585. Calculate the greatest common divisor of 13 and f.
13
Let z = 1241 + -1259. Suppose 0 = -g + 3*h - 6, 3*g - h = 2*g. Let d be (322/63 + (-4)/z)*g. Calculate the highest common divisor of d and 24.
8
Let l = 68 - 56. Let o(j) = -2*j + 22 - 12 - l - 10. Let u be o(-8). Calculate the greatest common divisor of 14 and u.
2
Let x be (-70)/(-98) + (-73432)/(-56). What is the greatest common factor of x and 820?
164
Let s(f) = 10*f**2 - 13 + 2*f**3 - 7*f - 7 + 23 - 20. Let g be s(-5). Let u = 30 + -12. What is the highest common factor of g and u?
18
Suppose 3*j = 6*w - 4*w - 76, w + 4*j = 27. Let v be 20/1 + (w/(-5) - -11). What is the greatest common factor of 168 and v?
24
Let n(z) = z**3 - 56*z**2 + 68*z - 708. Let x be n(55). What is the highest common factor of 3871 and x?
7
Let w = 12 + -7. Suppose -3*f - 40 = v, -w*f + f = -v - 61. Let x = v - -70. What is the highest common divisor of 168 and x?
21
Let n(p) = -7*p**3 + p**2 - 2*p - 2. Let f be n(-2). Let u = 21538 - 20856. Calculate the greatest common factor of u and f.
62
Suppose 0 = 6*z - 3*z + 4*d - 21474, -4*z + 2*d + 28610 = 0. What is the greatest common divisor of 146 and z?
146
Let r = -7687 + 7974. Calculate the highest common factor of 56 and r.
7
Let d be (5/(-3)*(-2)/10)/((-219)/(-135999)). Let h(c) = -14*c - 19. Let m be h(-3). What is the highest common divisor of m and d?
23
Suppose 9*b = 4*b + 80. Let p = -58 + 445. Suppose 4*a + 252 = 2*w, 8*w - p = 5*w - 3*a. Calculate the highest common factor of w and b.
16
Let i be 5 + 18*(3 - -1). What is the greatest co